se 5*u - 4940 - q = 0. Is u prime?
False
Let p(r) = 1060*r**2 + 93*r - 903. Is p(8) a prime number?
False
Suppose 0 = -m + 5*z + 2559, 4*m + m + z = 12717. Let u = -425 + m. Is u a composite number?
True
Suppose -i = 2, 2*l - 184 = 5*l + 5*i. Let t = l - -49. Let h(p) = -4*p + 1. Is h(t) a composite number?
False
Is (-39 - 44599821/63)*(-6)/4 a prime number?
True
Suppose 3862959 = 33*b - 1008864. Is b prime?
False
Let k(p) = 4819*p - 331. Let y be k(4). Let f = y + -3034. Is f composite?
True
Let r(i) = i**3 - 8*i**2 + 11*i + 10. Let y(u) = u**3 - 7*u**2 + 16*u - 10. Let x be y(4). Let h be r(x). Suppose z + 1023 = h*z. Is z prime?
False
Is ((-183)/(-122))/(6/(-8)) + 112561 + 0 a prime number?
True
Is ((-2898184)/(-115) - -10)*10/4 a composite number?
False
Suppose -i = 2*a + 6, 3*a - 10 + 6 = 5*i. Is i*1 + (-98530)/(-10) composite?
False
Let y(a) = 2156*a - 2209. Is y(18) composite?
False
Is (30 - 27)*(-2)/12*460052/(-2) prime?
True
Let m be 3/((-26)/(-5) + -5)*-13. Let a = m + 4842. Is a a prime number?
False
Is (-6)/(-13) - 160/(-104) - (-31356)/1 composite?
True
Let d = -80 + 171. Suppose d*a - 95*a + 5596 = 0. Is a a composite number?
False
Let t = -229486 + 343339. Is t composite?
True
Let d(w) be the third derivative of -w**6/120 + 4*w**5/15 + 19*w**4/12 + 5*w**3/6 + 15*w**2. Is d(16) prime?
True
Let g be 29028/(-8)*2/(-3). Suppose -2*d = 5*m - 7295, 0 = 2*d - 4*m - 4885 - g. Suppose 9737 = 11*o - d. Is o a composite number?
False
Let l(p) = 5352*p + 1747. Is l(10) composite?
True
Let x = 9963 - -10940. Suppose b = -t + 30367, -2*t + 2*b = -81629 + x. Is t a composite number?
True
Let g be (-3 - (2 + -2))*184/69. Is g/48 - 3/(-18)*27205 prime?
False
Suppose -u = u + 1554. Let s = -2486 + 2320. Let h = s - u. Is h a composite number?
True
Suppose 16*y = 19*y + 27. Let i(d) = -51*d - 1. Let f be i(y). Let t = f + -301. Is t prime?
True
Let r(m) = -5132*m - 7. Let n be r(-3). Let d be ((-4)/3)/(1/(-3)). Suppose -d*i - 7*i = -n. Is i prime?
True
Let m(t) be the second derivative of -800*t**3/3 - 227*t**2/2 + 115*t. Is m(-7) a prime number?
True
Suppose 2*r = 4*l - 92 + 28, 2*l - 2*r = 36. Suppose 0 = 19*o - l*o + x - 10249, -5*o + x = -10241. Is o prime?
False
Is (-45)/3 + 9986 + 36 prime?
True
Suppose -9*w - 68 + 23 = 0. Is w/(-3 + (-120)/(-42)) a prime number?
False
Suppose 16 = 4*y, -11724 = 4*r - 475*y + 471*y. Let g = -5062 - -876. Let p = r - g. Is p composite?
False
Is 1 - (-1831078)/12 - 1230/(-7380) prime?
False
Suppose 0 = 12*q - q + 22. Is (11 - 7) + (679 - (q + 2)) prime?
True
Suppose -15*d + 4*d = -4213. Let h = d - -1512. Is h a composite number?
True
Is (3*(-974058)/15)/(1562/(-3905)) prime?
False
Suppose 45*i = 2532675 + 4497090. Is i a composite number?
False
Suppose 162*g - 26043 = 157*g - 4*b, -2*b = 5*g - 26039. Is g a composite number?
True
Let y(i) = 759*i + 4960. Is y(11) a composite number?
False
Suppose -58*x + 59*x - 53209 = 0. Suppose -13*a + x = -66144. Is a a composite number?
False
Let f = -35 - 12. Is ((-5078)/8)/(f/188) a prime number?
True
Let b be 9/1 - (-184)/(-46). Suppose 0 = 2*c + 15*p - 16*p - 35393, -3*p = b*c - 88466. Is c composite?
True
Let n(r) = 679*r**2 - 3*r - 3. Suppose -224*c + 218*c = 12. Is n(c) a composite number?
False
Suppose 3*n = 4*d - 12760, 3*n - 5*n - d - 8503 = 0. Let c = -2675 - n. Is c prime?
False
Let h(d) = 7*d - 23. Let a be h(4). Let v(i) = -a*i**2 - 16 + 19*i**2 - 7*i - 8*i**2. Is v(13) prime?
True
Suppose 0 = m + 4*z - 0*z - 54087, 0 = -m - 5*z + 54086. Suppose 6*i + 18695 + m = 0. Is (i/21)/((-5)/15) composite?
False
Let v be 1980/54*12/(-10). Let c = v - -24. Is 4*5/(c/(-382)) a composite number?
True
Suppose -5*w - 231 = -5*n - 706, -n = 2*w - 184. Suppose 3*o + 3*s = -s + 65, -5*o = -s - w. Let k(b) = 122*b - 81. Is k(o) prime?
True
Suppose 0 = 46*o - 43*o. Suppose o = -5*q - 4*m - m + 10, -2*m - 45 = -5*q. Suppose -3*w - 1636 = -q*w - 4*y, -5*w + 2045 = -3*y. Is w a prime number?
True
Suppose 0 = -2*w + 4*t + 1116, 29*w + 4*t - 1076 = 27*w. Suppose 0 = q - 533 + 176. Let j = w - q. Is j a prime number?
True
Suppose -35 = 3*g - 5*a, -4*a = -3*a - 4. Is -15*((-87640)/300 + 1/g) composite?
True
Let p = -238 - -644. Let k = -195 + p. Is k a composite number?
False
Suppose -7*q + 42002 = -29363. Let j = q - 6008. Is j a prime number?
False
Let g be (6 + -1 + -2)/(1/2563). Suppose -g = -v - 10*v. Is v a prime number?
False
Let g = -4099 - -17844. Is g a composite number?
True
Is 112048419/49 - (1 + 0) - 96/224 prime?
True
Suppose 7620 = 42*l - 54*l. Let y = -94 - l. Is y composite?
False
Suppose -6 = -2*z, 5*b - z = 22 + 10. Suppose 0 = -3*n + 5 + b. Suppose 4*a - 3816 = -n*r, 0*r - 2*a + 955 = r. Is r prime?
True
Suppose 3*u - 4*j - 101 + 25 = 0, 3*u = 2*j + 68. Let x = -22 + u. Is x + 1*442 - -3 a prime number?
True
Suppose -5*l + l = 5*i, 5*i = 2*l. Suppose 0 = -4*r - 0 + 4, -3161 = -3*a + 4*r. Suppose 826 = 4*s + 5*g, 5*g = 5*s - l*s - a. Is s a composite number?
True
Let a be ((-10590)/(-12))/((-2)/(-4)). Suppose -893 = -n + 2*z, -3*n + a = -n + 3*z. Is n a prime number?
True
Let y be (1 - -61)*(-2)/(-4). Suppose 4*n = -3*s + y, 0 = -3*s - 0*n + 5*n - 5. Suppose -x = s*k + 408 - 1219, -2*x - 497 = -3*k. Is k composite?
False
Let b = 23648 - -107601. Is b prime?
True
Suppose 79*c = 77*c + 26. Suppose -2*u = -3*z - 3427, -8551 = -5*u + c*z - 11*z. Is u a prime number?
True
Let t = 70536 + -34682. Suppose 0 = -6*p + 154240 - t. Is p a prime number?
False
Let r be ((-8)/12)/(6/24579). Is (-4)/(0 - -4)*r composite?
False
Let f(s) = 2*s**3 + 19*s**2 + 11*s + 6. Let d be f(-5). Suppose -d*y - 4 = -178*y. Suppose -3397 = -a - 2*a + y*o, 5*o + 3385 = 3*a. Is a a prime number?
False
Suppose 0 = 3*s - 40 + 4. Let i be (-263)/(-5) - s/20. Is (i/(-12) - -4)*-3819 a prime number?
False
Suppose -102 + 77 = 5*d, -4*d = -x + 13309. Is x a composite number?
True
Suppose 4*v + 43437 = x, 130261 = -17*x + 20*x - 2*v. Is x composite?
True
Is ((-113789)/(-39))/(((-2)/(-6))/1) composite?
False
Is 14/((-182)/(-299)) - -2053635 prime?
False
Let b(u) = -6*u**3 - 2*u**2 + 227*u - 136. Is b(-33) composite?
False
Let x = -4 - -2. Let q(y) = 37*y - 276*y + 154984 - 154993 - 788*y. Is q(x) a prime number?
False
Suppose 5*x + 154 = 164. Suppose -5*o + 3*h + 1832 = 0, o + 3*h = 69 + 283. Suppose -x*q + 390 = -o. Is q a composite number?
True
Suppose 0 = -19*b + b + 1164762. Is b a prime number?
True
Let a = -375579 - -876272. Is a composite?
False
Let b = -976 + 9742. Suppose -28*w + 22*w = -b. Is w prime?
False
Let o be ((-4)/6)/(28/(-210)). Suppose 0 = o*k + 376 - 4531. Is k prime?
False
Let i = -148 - -151. Suppose -4*o - l + 3652 = 0, -l - 2739 = -i*o - 4*l. Is o a prime number?
False
Suppose 14*m - 15326242 = 7*m + 489313. Is m a prime number?
False
Is ((-29628)/8 + -2)/(9/(-72)*4) composite?
False
Let p(z) = 70*z**2 - 13*z + 49. Let u(q) = -71*q**2 + 13*q - 49. Let h(d) = 6*p(d) + 5*u(d). Is h(-25) a prime number?
False
Suppose 4*q + 208442 = x - 617397, -q - 18993933 = -23*x. Is x composite?
True
Let x = 25146 + -17735. Is x prime?
True
Let x = 17505 - -19201. Is x composite?
True
Suppose 3*a + 703 = -3*z - 1613, 4*a + 3078 = -2*z. Let k = a - -1286. Is k prime?
False
Let d(a) = -30345*a - 16. Suppose -5*u - 15 = -4*i + 2*i, 0 = -u - 3*i + 14. Is d(u) a composite number?
True
Suppose -2*h + 14570 = -5*a, -3*h = -0*a - 4*a - 21848. Suppose 8 = 2*o, -5*o - h = -4*r - 2*o. Is r composite?
False
Let u be (-27)/(-2) - ((-84)/(-8) + -11). Is 67123/u + 6 + (-2)/(-4) a composite number?
False
Suppose 5*o + 11 = -4, 5*j + 5*o + 5 = 0. Suppose l - 420 = -3*l + j*k, 5*k = -4*l + 392. Let c = l + 460. Is c composite?
False
Suppose 26*q + q = 999. Is q a composite number?
False
Suppose -4*f + 26133 + 24045 = 2*g, 3*f + 4*g - 37631 = 0. Suppose -f = -8*z + 6999. Is z a prime number?
False
Suppose -79*a = -74*a. Suppose a = -8*f + f + 16051. Is f prime?
True
Suppose 66*s - 1911446 - 671596 = 0. Is s prime?
False
Suppose 53 = -w - 10. Let u be ((-16)/(-3))/((-6)/w). Let g = u + 89. Is g prime?
False
Let g(q) = -3*q**2 + 87*q - 46. Let s be g(28). Suppose 41*o = s*o + 159. Is o composite?
False
Suppose 4 = 2*j + 2*h - 7*h, 2*j - h - 4 = 0. Suppose 355 = -j*o + 5*x, x + 147 = -o - 34. Let q = 599 + o. Is q c